omposite?
True
Is 13033 prime?
True
Is 412813 prime?
False
Is 290959 composite?
False
Is 203795 a composite number?
True
Is 60353 prime?
True
Is 37 prime?
True
Is 12197 a prime number?
True
Is 424939 a composite number?
False
Is 158843 composite?
False
Is 89341 prime?
False
Is 81509 a prime number?
True
Is 8843 a prime number?
False
Is 774409 a composite number?
True
Is 23459 a composite number?
False
Is 6947 prime?
True
Is 466673 prime?
True
Is 17677 a composite number?
True
Is 3989 a composite number?
False
Is 907 a composite number?
False
Is 39029 composite?
True
Is 28131 a prime number?
False
Is 142771 a composite number?
False
Is 614557 prime?
False
Is 601429 a prime number?
False
Is 37079 composite?
True
Is 438079 a composite number?
True
Is 121909 a composite number?
False
Is 40151 a prime number?
True
Is 5641453 composite?
False
Is 396437 prime?
True
Is 105137 a prime number?
True
Is 87509 prime?
True
Is 6887 a composite number?
True
Is 452099 composite?
True
Is 119157 prime?
False
Is 222974 prime?
False
Is 446 composite?
True
Is 349917 a composite number?
True
Is 6583 a composite number?
True
Is 78473 a composite number?
True
Is 312451 composite?
False
Is 12227 prime?
True
Is 16301 prime?
True
Is 1361 prime?
True
Is 53491 a composite number?
True
Is 253187 a composite number?
True
Is 42241 a prime number?
False
Is 25859 prime?
False
Is 4771 a prime number?
False
Is 15419 a composite number?
True
Is 1391627 composite?
False
Is 719 a prime number?
True
Is 3287 a prime number?
False
Is 707101 a composite number?
True
Is 59567 a composite number?
False
Is 4963 composite?
True
Is 72031 a prime number?
True
Is 103 prime?
True
Is 526249 a composite number?
False
Is 22915 a composite number?
True
Is 907 a prime number?
True
Is 86813 composite?
False
Is 26293 a composite number?
False
Is 76357 composite?
True
Is 3623977 composite?
True
Is 24347 composite?
True
Is 22247 prime?
True
Is 5317 composite?
True
Is 43913 a composite number?
False
Is 229913 a prime number?
False
Is 399221 prime?
True
Is 25889 prime?
True
Is 16729 composite?
False
Is 50305 prime?
False
Is 10427 a composite number?
False
Is 317047 a composite number?
False
Is 18455 prime?
False
Is 66829 a composite number?
True
Is 86783 prime?
True
Is 265043 a composite number?
True
Is 239441 a composite number?
False
Is 55961 a prime number?
False
Is 4313 a prime number?
False
Is 481409 a composite number?
False
Is 13549 a prime number?
False
Is 5051 a composite number?
False
Is 5465 a prime number?
False
Is 13963 a prime number?
True
Is 3593 composite?
False
Is 227189 composite?
False
Is 54217 composite?
False
Is 16871 prime?
True
Is 68141 composite?
False
Is 6959 a prime number?
True
Is 6749 a composite number?
True
Is 107278 a composite number?
True
Is 171055 prime?
False
Is 213019 composite?
False
Is 114439 a prime number?
False
Is 406117 a composite number?
False
Is 51853 composite?
False
Is 1151 a composite number?
False
Is 125063 a prime number?
True
Is 23741 composite?
False
Is 28051 prime?
True
Is 1973 a composite number?
False
Is 234967 a prime number?
True
Is 19189 prime?
False
Is 226973 prime?
False
Is 1016783 composite?
False
Is 4392787 a prime number?
False
Is 103381 a prime number?
False
Is 84953 a prime number?
False
Is 21953 composite?
True
Is 49237 prime?
False
Is 546209 a prime number?
False
Is 2857 a prime number?
True
Is 27655 a composite number?
True
Is 176311 composite?
True
Is 45211 a composite number?
True
Is 9221 a prime number?
True
Is 3196559 a composite number?
False
Is 34027 prime?
False
Is 409009 prime?
False
Is 103903 a composite number?
False
Is 75913 a prime number?
True
Is 384791 a composite number?
True
Is 15071 a composite number?
True
Is 393259 a composite number?
True
Is 8579 composite?
True
Is 1346255 composite?
True
Is 168253 prime?
True
Is 34649 a prime number?
True
Is 295663 prime?
True
Is 540167 a composite number?
False
Is 77323 prime?
True
Is 1634699 a prime number?
False
Is 47567 composite?
True
Is 124159 composite?
True
Is 649 a composite number?
True
Is 931417 a composite number?
False
Is 184991 a composite number?
True
Is 19043 prime?
False
Is 27791 composite?
False
Is 6599 composite?
False
Is 11105 prime?
False
Is 1072199 composite?
False
Is 1009 a prime number?
True
Is 149813 a prime number?
False
Is 13045 composite?
True
Is 2219 a prime number?
False
Is 162499 a prime number?
True
Is 148763 composite?
False
Is 17323 prime?
False
Is 104309 composite?
False
Is 17657 a prime number?
True
Is 107137 a prime number?
True
Is 179071 a prime number?
False
Is 57611 prime?
False
Is 21283 composite?
False
Is 150053 a prime number?
True
Is 624317 a composite number?
True
Is 2334029 composite?
True
Is 66029 prime?
True
Is 7417 a prime number?
True
Is 43753 a composite number?
False
Is 5021473 composite?
True
Is 93683 prime?
True
Is 9511 prime?
True
Is 2063 prime?
True
Is 78473 prime?
False
Is 109937 composite?
False
Is 98867 a prime number?
True
Is 11197 a prime number?
True
Is 546293 composite?
True
Is 355 composite?
True
Is 90371 a prime number?
True
Is 16253 a composite number?
False
Is 165079 composite?
False
Is 19102 composite?
True
Is 831919 composite?
True
Is 10369 composite?
False
Is 26083 composite?
False
Is 2063 prime?
True
Is 3457 composite?
False
Is 2125769 prime?
False
Is 8279 prime?
False
Is 235367 a composite number?
True
Is 131033 composite?
True
Is 12419 a prime number?
False
Is 436217 a prime number?
True
Is 59197 a prime number?
True
Is 35395 a prime number?
False
Is 24589 composite?
True
Is 2453 composite?
True
Is 681 composite?
True
Is 97039 a composite number?
False
Is 46477 a prime number?
True
Is 81281 a composite number?
False
Is 87403 composite?
False
Is 179183 composite?
True
Is 135367 prime?
True
Is 109027 a composite number?
True
Is 196733 prime?
False
Is 138427 composite?
False
Is 54357 a composite number?
True
Is 4783 prime?
True
Is 34249 prime?
False
Is 94513 a prime number?
True
Is 29917 prime?
True
Is 4111 a composite number?
False
Is 18479 composite?
True
Is 709 prime?
True
Is 40879 composite?
False
Is 28073 prime?
False
Is 47737 prime?
True
Is 4937 a composite number?
False
Is 13043 a composite number?
False
Is 1753831 prime?
True
Is 789065 prime?
False
Is 11983 prime?
False
Is 60737 a composite number?
False
Is 69347 composite?
True
Is 52139 composite?
True
Is 21121 a composite number?
False
Is 907 composite?
False
Is 284782 a composite number?
True
Is 3967 a prime number?
True
Is 645017 a prime number?
False
Is 1349 prime?
False
Is 12739 a prime number?
True
Is 7493 a prime number?
False
Is 3337 a prime number?
False
Is 3753913 prime?
True
Is 118763 composite?
True
Is 142795 composite?
True
Is 3163 a composite number?
False
Is 45007 a prime number?
True
Is 13701 a composite number?
True
Is 80849 a composite number?
False
Is 12227 a prime number?
True
Is 435849 composite?
True
Is 19385 composite?
True
Is 3151 a prime number?
False
Is 161219 a composite number?
True
Is 2271437 a prime number?
False
Is 13813 prime?
False
Is 35285 a prime number?
False
Is 7499 a composite number?
False
Is 42037 a prime number?
False
Is 2215463 a composite number?
False
Is 56747 a composite number?
False
Is 878171 composite?
True
Is 3863 a prime number?
True
Is 226531 a composite number?
False
Is 121957 composite?
True
Is 11549 a prime number?
True
Is 3817597 a composite number?
True
Is 13241 prime?
True
Is 5603 prime?
False
Is 7493 prime?
False
Is 5348711 a prime number?
True
Is 623453 a prime number?
False
Is 16769 a composite number?
True
Is 5336579 a prime number?
True
Is 555107 composite?
True
Is 364759 composite?
False
Is 37483 prime?
True
Is 22297 a composite number?
True
Is 34321 a prime number?
False
Is 968851 a composite number?
True
Is 927821 a composite number?
False
Is 1757 a composite number?
True
Is 152459 a prime number?
True
Is 755 composite?
True
Is 15833 a prime number?
False
Is 2927 a prime number?
True
Is 5347 a composite number?
False
Is 45641 prime?
True
Is 32313 composite?
True
Is 1222219 a prime number?
True
Is 347 composite?
False
Is 39469 prime?
False
Is 207373 composite?
True
Is 150853 a prime number?
False
Is 60427 a composite number?
False
Is 81407 composite?
True
Is 4169 prime?
False
Is 358019 com